Let w be (-25)/(-4) - q/(-20). What is the highest common factor of w and 54?
6
Suppose 0*i + 170 = 2*i. Suppose b - i = -3*v, -99 - 26 = -4*v + b. Let a(t) = t + 20. Let j be a(0). What is the highest common divisor of v and j?
10
Let p(c) = c**3 - 4*c**2 - 4*c - 5. Let l be p(5). Let j = -6 + 4. Let g = l - j. What is the greatest common factor of g and 4?
2
Suppose 5*m - 4 = 1. What is the highest common divisor of m and 5?
1
Let q(n) be the first derivative of -3*n**2 - 2*n**2 + 2 - 3*n**2 + 0*n - n. Let y be q(-4). What is the highest common divisor of 9 and y?
9
Let d be (-4)/(-14) + (-165)/(-35). Calculate the highest common divisor of d and 20.
5
Let s(l) = 16*l**2 + l. Let t be s(-1). Suppose -3*d + 229 = -4*z, 3*d + 2*z - 147 = 76. Calculate the highest common divisor of t and d.
15
Suppose 43 - 153 = -5*z. What is the greatest common divisor of z and 242?
22
Let r = -1 + 2. Let t be 2/(-1) + r + 6. Let d be ((-9)/18)/(2/(-140)). What is the highest common factor of d and t?
5
Suppose 4*z - 6 = 58. What is the highest common factor of z and 4?
4
Suppose -4*y + 2*h - 7*h - 61 = 0, -31 = 4*y - h. Let b = y - -17. Let x be (85/34)/(10/8). Calculate the highest common divisor of x and b.
2
Suppose -2 = -2*c + 4*c. Let i = -17 - -29. Let f be c/4 - (-483)/i. What is the highest common divisor of f and 5?
5
Let k be ((-31)/1)/(0 - 1). Calculate the greatest common factor of 248 and k.
31
Let l = 175 - 167. What is the highest common factor of 52 and l?
4
Let g be 1 + 97 - (5 + -6). Calculate the highest common factor of g and 22.
11
Let r = 33 + -24. Let z(t) = -2*t + 0*t + 11 - 7*t + t**2. Let b be z(r). What is the greatest common factor of 11 and b?
11
Let m = -1492 + 2276. Suppose -m = -3*t - t. Suppose 4*h + 50 = 2*v - 54, -4*v = 4*h - t. Calculate the highest common divisor of 10 and v.
10
Let p be (-104)/26*(-55)/2. Let c be 0 + 9 + 3 + -2. What is the highest common factor of c and p?
10
Let o(w) = -2*w + 7. Let y be o(-7). What is the highest common divisor of y and 63?
21
Let q be 2/((12/10)/3). Let z be 1/1*(-1 - -1). Suppose z*i = -n + 5*i, n - 9 = -4*i. What is the highest common divisor of q and n?
5
Let g = -13 + 18. Let b = g + -5. Let q be 27/(3/(b + 3)). Calculate the highest common factor of 9 and q.
9
Suppose -3*r = 4*n - 24, 3*r - 5*n + 3 = -0*r. Let j be (3/(-12))/((-1)/r). What is the greatest common factor of 6 and j?
1
Let o = -2 + 4. Suppose -3*v = o - 17. Suppose 4*z + 36 = 5*a - 60, -97 = -5*a + 3*z. Calculate the highest common factor of a and v.
5
Let z be 50*(2 - 3)*-4. Let j(r) = r**2 - 3*r - 3. Let x be j(-4). What is the highest common factor of x and z?
25
Let w(m) = -2*m**3 + 5 - 3*m**3 + 4*m**3 + 6*m**2. Let d be w(6). What is the greatest common factor of d and 40?
5
Suppose -654 = -3*o + 21. Calculate the highest common divisor of 25 and o.
25
Let p(u) = -7 - 8*u + u**3 - 4 - u + 7*u**2. Let n be p(-8). Let z(q) = 5*q**2 - 2*q + 1. Let x be z(n). Calculate the greatest common divisor of x and 13.
13
Let b be 6/(-27) + 220/18. Let f = -5 - -11. Let s be ((-1)/2)/(f/(-1152)). Calculate the highest common factor of b and s.
12
Let g(h) = 3*h**2 + 2. Let b be g(-2). Suppose -5*j + 11 = -19. Let m = -4 + j. What is the greatest common divisor of b and m?
2
Let g(y) = -6*y**2 + 4*y + 3. Let w be g(-4). Let m = w + 154. What is the highest common divisor of 9 and m?
9
Suppose -3*s + 15 = 5*j, 2*s = j + s - 11. Let v = -3 + 8. Suppose 3*l - v = 13. What is the highest common divisor of j and l?
6
Let u = 124 + -62. What is the highest common divisor of u and 93?
31
Let q be (140/6 - 1)*-6. Let k = -84 - q. Suppose 0 = -4*n + k - 10. Calculate the greatest common factor of n and 50.
10
Suppose 7*m - 1320 = 199. Calculate the highest common factor of 31 and m.
31
Let q(f) = f**3 + 5*f**2 - 8*f - 3. Suppose 4*b - u = -6*u + 1, -2*b - 3*u + 3 = 0. Let a be q(b). Calculate the greatest common factor of a and 72.
9
Let r = 12 + 8. What is the greatest common factor of 60 and r?
20
Let c = -9 + 6. Let v(r) = -2*r - 4. Let s be v(c). Suppose 3*u - 4*u = -5*l - 13, 0 = -s*l. Calculate the greatest common factor of u and 52.
13
Let w(d) = d + 34. Let c be w(0). Let a = -2 + c. Calculate the highest common factor of 4 and a.
4
Let d = -44 - -62. Calculate the highest common divisor of 18 and d.
18
Let t(c) = c**3 + 2*c**2. Let f be t(-3). Let x = f - -23. Let s be 1276/13 - (-30)/(-195). Calculate the greatest common divisor of s and x.
14
Suppose 0 = -4*t + 9*t - 70. Calculate the greatest common divisor of t and 14.
14
Let o(a) = -2*a**3 + 2*a**2 + a. Let z be o(-1). Suppose 0 = 5*j - 2*l - 72, -z*l = -4*l - 1. Calculate the greatest common factor of 126 and j.
14
Suppose 2*u - 3*o + 0 = -5, -25 = -5*o. What is the highest common factor of u and 10?
5
Suppose 8 = -5*s + 98. Let b = 30 - s. What is the highest common factor of 12 and b?
12
Suppose 0 = -4*k - 1 + 9. Calculate the highest common factor of 10 and k.
2
Suppose 5*s + 4 = -4*z - 4, 4*z - 28 = 4*s. Suppose -4*d + z*d = -49. Let v = 3 + d. What is the greatest common factor of v and 13?
13
Let v = 383 + -208. Let r be 1/(2/(50 + 0)). Calculate the greatest common divisor of v and r.
25
Suppose -2*g + 32 = 4*q, q + 2 = 2*g - 5. Let y be 4165/21 + (-2)/g. What is the highest common factor of y and 18?
18
Let i = 2 - 9. Let n = i + 10. Suppose -4*h + n*r - 3 = -31, -4*r - 8 = 2*h. Calculate the greatest common divisor of h and 4.
4
Suppose 3*c - 17 = d, 3*d - 2 = 2*c - 18. Let p = 0 - 1. Let x be (3/d)/(p/70). Calculate the greatest common divisor of x and 15.
15
Suppose -2*n - 29 + 205 = 0. What is the greatest common divisor of n and 11?
11
Let a = -153 - -274. What is the greatest common factor of 11 and a?
11
Let d be 1 + -2 + (-3 - -6). What is the greatest common factor of 18 and d?
2
Suppose 5*g - 3*z - 35 = -249, g + z = -46. Let k = 62 + g. Suppose -s - k = -4*s. What is the greatest common factor of 18 and s?
6
Let y = 582 + -367. Calculate the greatest common factor of 86 and y.
43
Suppose -g - y + 2 = 0, -2*y = -2*g + 3*y + 4. Suppose 33*s + 54 = 36*s. What is the greatest common factor of s and g?
2
Suppose 3*x + 230 = 2*z, 2*z + 2*x - 282 + 62 = 0. Suppose 0 = -0*m - m + 14. Calculate the greatest common divisor of m and z.
14
Suppose 0 = -3*y - 13 - 17. Let l(j) = -j**2 - 11*j - 5. Let s be l(y). Suppose 110 + 40 = s*u. What is the greatest common divisor of 10 and u?
10
Let v be (-350)/(6/(-3))*1. Calculate the highest common divisor of 25 and v.
25
Let o = -38 + 53. What is the highest common divisor of o and 60?
15
Let i = 14 - 9. Suppose x = -i*s + 217, 5*x - 2*x + 3*s - 651 = 0. Let c = x - 119. Calculate the highest common divisor of 14 and c.
14
Let i = 7 - 7. Suppose 20 = -4*l, i*h = -3*h - l + 1. Calculate the highest common divisor of h and 2.
2
Suppose 0 = 3*k + k + 216. Let t = 72 - k. What is the highest common divisor of 18 and t?
18
Suppose 0 = 3*o - 6 - 0. Let z(g) = 3*g - 3. Let y be z(o). Calculate the highest common divisor of y and 27.
3
Let s(o) = o - 10. Let c be s(11). Let j = -58 + 67. Calculate the greatest common factor of j and c.
1
Let w = -3 - -5. Let l be 0/(0 + 1 - w). Suppose l = 5*s - 25 - 50. Calculate the highest common factor of s and 105.
15
Let q(w) = -w**3 + 7*w**2 - 3*w - 3. Let i be q(5). Calculate the greatest common factor of i and 4.
4
Suppose 0*d - 112 = -4*d. What is the highest common divisor of d and 42?
14
Let p = 5 - 2. Suppose -60 = -p*v - v. Let d = v - 11. Calculate the highest common divisor of d and 32.
4
Let d(z) = -z**3 + 6*z**2 + 3*z + 5. Let f be d(6). Calculate the highest common divisor of 46 and f.
23
Let x be (9/12)/((-3)/(-72)). What is the highest common divisor of x and 2?
2
Let o = -3 + 9. Suppose 6 = 3*g - o, 3*q + 5*g - 440 = 0. What is the greatest common factor of 20 and q?
20
Suppose 0*u = 2*u + 4. Let z be u/6 - 76/(-12). What is the greatest common divisor of z and 2?
2
Let k(r) = -2*r**3 - 2*r**2 - r. Let i be k(-2). What is the greatest common divisor of i and 50?
10
Let u be 20/6*(-3 + 6). What is the greatest common divisor of u and 110?
10
Suppose -61 = -2*q + 177. Calculate the highest common factor of 17 and q.
17
Suppose 2*o = 3*o - 2. Suppose 5*r - 336 = o*r. Wh